{"id":2235,"date":"2015-03-25T21:18:24","date_gmt":"2015-03-25T20:18:24","guid":{"rendered":"http:\/\/f5nhj.fr\/?page_id=2235"},"modified":"2022-11-12T19:42:04","modified_gmt":"2022-11-12T18:42:04","slug":"antenne-l-multibandes","status":"publish","type":"page","link":"https:\/\/www.f5nhj.fr\/?page_id=2235","title":{"rendered":"Antenne L multibande"},"content":{"rendered":"<p><img loading=\"lazy\" decoding=\"async\" class=\"alignnone\" src=\"http:\/\/f5nhj.fr\/wp-content\/uploads\/2015\/03\/Ant-L31-210x300.jpg\" alt=\"Ant L3\" width=\"242\" height=\"341\" \/>\u00a0 \u00a0 <a href=\"https:\/\/f5nhj.fr\/wp-content\/uploads\/2015\/03\/Ant-L21-199x300.jpg\" target=\"_blank\" rel=\"noopener\"><img loading=\"lazy\" decoding=\"async\" class=\"alignnone\" src=\"http:\/\/f5nhj.fr\/wp-content\/uploads\/2015\/03\/Ant-L21-199x300.jpg\" alt=\"Ant L2\" width=\"250\" height=\"372\" \/><\/a><\/p>\n<hr \/>\n<p style=\"text-align: center;\">Brin vertical et la boite (vide..) de liaison.<br \/>\nUne \u00ab\u00a0sauvegarde\u00a0\u00bb d&rsquo;une antenne en L bien connue pour<br \/>\nlaisser dans le camping car en rechange.<\/p>\n<hr \/>\n<p style=\"text-align: center;\">Une antenne au d\u00e9but consid\u00e9r\u00e9e comme secours mais<br \/>\nqui s&rsquo;av\u00e8re une \u00ab\u00a0<strong>tuerie<\/strong>\u00a0\u00bb en <strong>DX<\/strong> en terrain d\u00e9gag\u00e9 ou en<br \/>\nbord de mer.<br \/>\nA n&rsquo;utiliser bien s\u00fbr que dans un environnement d\u00e9gag\u00e9..<br \/>\n&#8211; Premiers essais : USA, Europe.. \u00e7a \u00e0 l&rsquo;air de fonctionner.<\/p>\n<p style=\"text-align: center;\"><a href=\"https:\/\/www.f5nhj.fr\/wp-content\/uploads\/2022\/11\/nr.2.jpg\"><img loading=\"lazy\" decoding=\"async\" class=\"alignnone size-medium wp-image-4127\" src=\"https:\/\/www.f5nhj.fr\/wp-content\/uploads\/2022\/11\/nr.2-300x153.jpg\" alt=\"\" width=\"300\" height=\"153\" srcset=\"https:\/\/www.f5nhj.fr\/wp-content\/uploads\/2022\/11\/nr.2-300x153.jpg 300w, https:\/\/www.f5nhj.fr\/wp-content\/uploads\/2022\/11\/nr.2.jpg 570w, https:\/\/www.f5nhj.fr\/wp-content\/uploads\/2022\/11\/nr.2-500x255.jpg 500w\" sizes=\"auto, (max-width: 300px) 100vw, 300px\" \/><\/a><br \/>\nOriginal antenna site :<br \/>\n<a href=\"http:\/\/Lambdahalbe.de\">http:\/\/Lambdahalbe.de<\/a><\/p>\n<p style=\"text-align: center;\">Antenna at the beginning considered as a backup<br \/>\nbut which turns out to be a \u00ab\u00a0<strong>killer<\/strong>\u00a0\u00bb for DXing.<\/p>\n<p style=\"text-align: center;\">To be used, of course, only in a clear environment ..<br \/>\nFirst try USA, Europe .. it works<\/p>\n<hr \/>\n<p style=\"text-align: center;\">Vertical strand and the empty box .<br \/>\nA \u00ab\u00a0backup\u00a0\u00bb of a well-known L-shaped antenna to<br \/>\nleave it in the motorhome as a spare.<\/p>\n<hr \/>\n<p><a href=\"https:\/\/f5nhj.fr\/wp-content\/uploads\/2015\/03\/Ant-L11.jpg\" target=\"_blank\" rel=\"noopener noreferrer\"><img loading=\"lazy\" decoding=\"async\" class=\"aligncenter wp-image-2231\" src=\"http:\/\/f5nhj.fr\/wp-content\/uploads\/2015\/03\/Ant-L11-300x199.jpg\" alt=\"Ant L1\" width=\"452\" height=\"300\" srcset=\"https:\/\/www.f5nhj.fr\/wp-content\/uploads\/2015\/03\/Ant-L11-300x199.jpg 300w, https:\/\/www.f5nhj.fr\/wp-content\/uploads\/2015\/03\/Ant-L11.jpg 616w\" sizes=\"auto, (max-width: 452px) 100vw, 452px\" \/><\/a><\/p>\n<p style=\"text-align: center;\">Contrepoids avec les boucles fr\u00e9quences.<\/p>\n<p style=\"text-align: center;\"><b>\u00a9\u00a0<\/b>F5NHJ 20xx<\/p>\n","protected":false},"excerpt":{"rendered":"<p>\u00a0 \u00a0 Brin vertical et la boite (vide..) de liaison. Une \u00ab\u00a0sauvegarde\u00a0\u00bb d&rsquo;une antenne en L bien connue pour laisser dans le camping car en rechange. Une antenne au d\u00e9but consid\u00e9r\u00e9e comme secours mais qui s&rsquo;av\u00e8re une \u00ab\u00a0tuerie\u00a0\u00bb en DX &hellip; <a href=\"https:\/\/www.f5nhj.fr\/?page_id=2235\">Continuer la lecture <span class=\"meta-nav\">&rarr;<\/span><\/a><\/p>\n","protected":false},"author":1,"featured_media":0,"parent":2850,"menu_order":30,"comment_status":"closed","ping_status":"open","template":"","meta":{"footnotes":""},"class_list":["post-2235","page","type-page","status-publish","hentry"],"_links":{"self":[{"href":"https:\/\/www.f5nhj.fr\/index.php?rest_route=\/wp\/v2\/pages\/2235","targetHints":{"allow":["GET"]}}],"collection":[{"href":"https:\/\/www.f5nhj.fr\/index.php?rest_route=\/wp\/v2\/pages"}],"about":[{"href":"https:\/\/www.f5nhj.fr\/index.php?rest_route=\/wp\/v2\/types\/page"}],"author":[{"embeddable":true,"href":"https:\/\/www.f5nhj.fr\/index.php?rest_route=\/wp\/v2\/users\/1"}],"replies":[{"embeddable":true,"href":"https:\/\/www.f5nhj.fr\/index.php?rest_route=%2Fwp%2Fv2%2Fcomments&post=2235"}],"version-history":[{"count":27,"href":"https:\/\/www.f5nhj.fr\/index.php?rest_route=\/wp\/v2\/pages\/2235\/revisions"}],"predecessor-version":[{"id":4140,"href":"https:\/\/www.f5nhj.fr\/index.php?rest_route=\/wp\/v2\/pages\/2235\/revisions\/4140"}],"up":[{"embeddable":true,"href":"https:\/\/www.f5nhj.fr\/index.php?rest_route=\/wp\/v2\/pages\/2850"}],"wp:attachment":[{"href":"https:\/\/www.f5nhj.fr\/index.php?rest_route=%2Fwp%2Fv2%2Fmedia&parent=2235"}],"curies":[{"name":"wp","href":"https:\/\/api.w.org\/{rel}","templated":true}]}}