{"id":3676,"date":"2022-01-31T01:48:51","date_gmt":"2022-01-31T00:48:51","guid":{"rendered":"https:\/\/www.f5nhj.fr\/?page_id=3676"},"modified":"2023-01-04T08:06:40","modified_gmt":"2023-01-04T07:06:40","slug":"fk-f5nhj","status":"publish","type":"page","link":"https:\/\/www.f5nhj.fr\/?page_id=3676","title":{"rendered":"FK\/F5NHJ 2022"},"content":{"rendered":"<p>une info trafic sur le <a href=\"https:\/\/clublog.org\/livestream\/FK\/F5NHJ\" target=\"_blank\" rel=\"noopener\">Livestream Clublog<\/a><\/p>\n<hr \/>\n<h2><a href=\"https:\/\/www.f5nhj.fr\/wp-content\/uploads\/2011\/07\/cropped-bambous_kanak02.jpg\"><img loading=\"lazy\" decoding=\"async\" class=\"aligncenter size-full wp-image-34\" src=\"https:\/\/www.f5nhj.fr\/wp-content\/uploads\/2011\/07\/cropped-bambous_kanak02.jpg\" alt=\"\" width=\"940\" height=\"198\" srcset=\"https:\/\/www.f5nhj.fr\/wp-content\/uploads\/2011\/07\/cropped-bambous_kanak02.jpg 940w, https:\/\/www.f5nhj.fr\/wp-content\/uploads\/2011\/07\/cropped-bambous_kanak02-300x63.jpg 300w\" sizes=\"auto, (max-width: 940px) 100vw, 940px\" \/><\/a><\/h2>\n<p><strong>R<\/strong>\u00e9seau des <strong>R<\/strong>\u00e9p\u00e9teurs<strong> F<\/strong>rancophones &#8211; <strong>988 F5NHJ B)<\/strong><\/p>\n<hr \/>\n<p><strong>FK\/F5NHJ<\/strong>\u00a0 Iota <strong>OC-032<\/strong>\u00a0 &#8230;.\u00a0 Locator <strong>RG37FR<\/strong>-57<\/p>\n<p><a href=\"https:\/\/www.f5nhj.fr\/wp-content\/uploads\/2022\/06\/FB_IMG_1655672193403.jpg\"><img loading=\"lazy\" decoding=\"async\" class=\"alignnone wp-image-4052 size-medium\" src=\"https:\/\/www.f5nhj.fr\/wp-content\/uploads\/2022\/06\/FB_IMG_1655672193403-300x197.jpg\" alt=\"\" width=\"300\" height=\"197\" srcset=\"https:\/\/www.f5nhj.fr\/wp-content\/uploads\/2022\/06\/FB_IMG_1655672193403-300x197.jpg 300w, https:\/\/www.f5nhj.fr\/wp-content\/uploads\/2022\/06\/FB_IMG_1655672193403-768x505.jpg 768w, https:\/\/www.f5nhj.fr\/wp-content\/uploads\/2022\/06\/FB_IMG_1655672193403-456x300.jpg 456w, https:\/\/www.f5nhj.fr\/wp-content\/uploads\/2022\/06\/FB_IMG_1655672193403.jpg 908w\" sizes=\"auto, (max-width: 300px) 100vw, 300px\" \/><\/a><\/p>\n<p><u>QTH during our stay in New Caledonia :<\/u><\/p>\n<p>&#8211; Qth<strong> Bourail<\/strong> <strong>RG28rj<\/strong> in western part of Main Island.. FT891 and a KW5\u00a0 L Shaped antenna\u00a0 \u00a0 \u00a0from\u00a0 <strong>Lambdahalbe.de<\/strong> &#8211; Verticals home made <strong>\u00a0DXcommander<\/strong> style.<\/p>\n<p><a href=\"https:\/\/www.f5nhj.fr\/wp-content\/uploads\/2022\/05\/280276094_10160014179539189_6301099259119405497_n.jpg\"><img loading=\"lazy\" decoding=\"async\" class=\"alignnone wp-image-4015 size-medium\" src=\"https:\/\/www.f5nhj.fr\/wp-content\/uploads\/2022\/05\/280276094_10160014179539189_6301099259119405497_n-300x225.jpg\" alt=\"\" width=\"300\" height=\"225\" srcset=\"https:\/\/www.f5nhj.fr\/wp-content\/uploads\/2022\/05\/280276094_10160014179539189_6301099259119405497_n-300x225.jpg 300w, https:\/\/www.f5nhj.fr\/wp-content\/uploads\/2022\/05\/280276094_10160014179539189_6301099259119405497_n-400x300.jpg 400w, https:\/\/www.f5nhj.fr\/wp-content\/uploads\/2022\/05\/280276094_10160014179539189_6301099259119405497_n.jpg 720w\" sizes=\"auto, (max-width: 300px) 100vw, 300px\" \/><\/a><\/p>\n<p>&#8211; Qth <strong>Noumea city<\/strong> <strong>RG37fr<\/strong>\u00a0on Main Island .. Same rigs<\/p>\n<p><a href=\"https:\/\/www.f5nhj.fr\/wp-content\/uploads\/2022\/05\/received_268762422093501.jpeg\"><img loading=\"lazy\" decoding=\"async\" class=\"alignnone size-medium wp-image-4031\" src=\"https:\/\/www.f5nhj.fr\/wp-content\/uploads\/2022\/05\/received_268762422093501-225x300.jpeg\" alt=\"\" width=\"225\" height=\"300\" srcset=\"https:\/\/www.f5nhj.fr\/wp-content\/uploads\/2022\/05\/received_268762422093501-225x300.jpeg 225w, https:\/\/www.f5nhj.fr\/wp-content\/uploads\/2022\/05\/received_268762422093501-768x1024.jpeg 768w, https:\/\/www.f5nhj.fr\/wp-content\/uploads\/2022\/05\/received_268762422093501-1152x1536.jpeg 1152w, https:\/\/www.f5nhj.fr\/wp-content\/uploads\/2022\/05\/received_268762422093501.jpeg 1500w\" sizes=\"auto, (max-width: 225px) 100vw, 225px\" \/><\/a><\/p>\n<p>&#8211; Qth <strong>Pine Island,<\/strong> <strong>Kuto RG37ri <\/strong>in south east of Main Island .. Same rigs<br \/>\n( Qsy #1\u00a0 2022\/04\/23 to 2022\/04\/30 \/\/\/ #2\u00a0 2022\/06\/05 to 2022\/06\/09 )<\/p>\n<p><a href=\"https:\/\/www.f5nhj.fr\/wp-content\/uploads\/2022\/05\/279785912_411897287094101_1851696930954003623_n-1.jpg\"><img loading=\"lazy\" decoding=\"async\" class=\"alignnone size-medium wp-image-4016\" src=\"https:\/\/www.f5nhj.fr\/wp-content\/uploads\/2022\/05\/279785912_411897287094101_1851696930954003623_n-1-300x225.jpg\" alt=\"\" width=\"300\" height=\"225\" srcset=\"https:\/\/www.f5nhj.fr\/wp-content\/uploads\/2022\/05\/279785912_411897287094101_1851696930954003623_n-1-300x225.jpg 300w, https:\/\/www.f5nhj.fr\/wp-content\/uploads\/2022\/05\/279785912_411897287094101_1851696930954003623_n-1-1024x768.jpg 1024w, https:\/\/www.f5nhj.fr\/wp-content\/uploads\/2022\/05\/279785912_411897287094101_1851696930954003623_n-1-768x576.jpg 768w, https:\/\/www.f5nhj.fr\/wp-content\/uploads\/2022\/05\/279785912_411897287094101_1851696930954003623_n-1-1536x1152.jpg 1536w, https:\/\/www.f5nhj.fr\/wp-content\/uploads\/2022\/05\/279785912_411897287094101_1851696930954003623_n-1-400x300.jpg 400w, https:\/\/www.f5nhj.fr\/wp-content\/uploads\/2022\/05\/279785912_411897287094101_1851696930954003623_n-1.jpg 2000w\" sizes=\"auto, (max-width: 300px) 100vw, 300px\" \/><\/a><\/p>\n<hr \/>\n<p>RTX <strong>FT891<\/strong> \/ DATA, SSB, CW \u00ab\u00a0holidays style\u00a0\u00bb &#8230; <strong>FT8<\/strong> \/\u00a0<strong>FT4<\/strong> fox<br \/>\n20 to 40w barefoot. Just received from Denis<strong> K0TX<\/strong> a <strong>Digirig<\/strong>, and a <strong>Digimode-4*<\/strong>\u00a0from Steve <strong>G8XGG.<br \/>\n*(<\/strong>for my old trucks <strong>ft8x7<\/strong> only)<\/p>\n<p>Locator are changing and former qso are from other qth.. For each activation i will put the right one on this website..<\/p>\n<p>Log upload on <strong>LOTW &#8211;<\/strong>\u00a0<strong>Clublog<\/strong>\u00a0 <strong>.. <\/strong>&#8211; day by day<strong><br \/>\n<\/strong> Please no Paper Qsl &#8211; or Eqsl on return.<\/p>\n<p>jean louis<\/p>\n<hr \/>\n<p><img loading=\"lazy\" decoding=\"async\" class=\"wp-image-3335 aligncenter\" src=\"https:\/\/www.f5nhj.fr\/wp-content\/uploads\/2021\/10\/cropped-obj2792geo2271pg50p19.png\" alt=\"\" width=\"258\" height=\"200\" srcset=\"https:\/\/www.f5nhj.fr\/wp-content\/uploads\/2021\/10\/cropped-obj2792geo2271pg50p19.png 1000w, https:\/\/www.f5nhj.fr\/wp-content\/uploads\/2021\/10\/cropped-obj2792geo2271pg50p19-300x231.png 300w, https:\/\/www.f5nhj.fr\/wp-content\/uploads\/2021\/10\/cropped-obj2792geo2271pg50p19-768x591.png 768w\" sizes=\"auto, (max-width: 258px) 100vw, 258px\" \/><\/p>\n<hr \/>\n<p>&nbsp;<\/p>\n<p><script src=\"https:\/\/clublog.org\/last10.php?call=FK\/F5NHJ\" type=\"text\/javascript\"><\/script><\/p>\n","protected":false},"excerpt":{"rendered":"<p>une info trafic sur le Livestream Clublog R\u00e9seau des R\u00e9p\u00e9teurs Francophones &#8211; 988 F5NHJ B) FK\/F5NHJ\u00a0 Iota OC-032\u00a0 &#8230;.\u00a0 Locator RG37FR-57 QTH during our stay in New Caledonia : &#8211; Qth Bourail RG28rj in western part of Main Island.. FT891 &hellip; <a href=\"https:\/\/www.f5nhj.fr\/?page_id=3676\">Continuer la lecture <span class=\"meta-nav\">&rarr;<\/span><\/a><\/p>\n","protected":false},"author":1,"featured_media":0,"parent":50,"menu_order":1,"comment_status":"closed","ping_status":"closed","template":"","meta":{"footnotes":""},"class_list":["post-3676","page","type-page","status-publish","hentry"],"_links":{"self":[{"href":"https:\/\/www.f5nhj.fr\/index.php?rest_route=\/wp\/v2\/pages\/3676","targetHints":{"allow":["GET"]}}],"collection":[{"href":"https:\/\/www.f5nhj.fr\/index.php?rest_route=\/wp\/v2\/pages"}],"about":[{"href":"https:\/\/www.f5nhj.fr\/index.php?rest_route=\/wp\/v2\/types\/page"}],"author":[{"embeddable":true,"href":"https:\/\/www.f5nhj.fr\/index.php?rest_route=\/wp\/v2\/users\/1"}],"replies":[{"embeddable":true,"href":"https:\/\/www.f5nhj.fr\/index.php?rest_route=%2Fwp%2Fv2%2Fcomments&post=3676"}],"version-history":[{"count":86,"href":"https:\/\/www.f5nhj.fr\/index.php?rest_route=\/wp\/v2\/pages\/3676\/revisions"}],"predecessor-version":[{"id":4189,"href":"https:\/\/www.f5nhj.fr\/index.php?rest_route=\/wp\/v2\/pages\/3676\/revisions\/4189"}],"up":[{"embeddable":true,"href":"https:\/\/www.f5nhj.fr\/index.php?rest_route=\/wp\/v2\/pages\/50"}],"wp:attachment":[{"href":"https:\/\/www.f5nhj.fr\/index.php?rest_route=%2Fwp%2Fv2%2Fmedia&parent=3676"}],"curies":[{"name":"wp","href":"https:\/\/api.w.org\/{rel}","templated":true}]}}