{"id":548,"date":"2012-02-22T00:01:45","date_gmt":"2012-02-21T23:01:45","guid":{"rendered":"http:\/\/f5nhj.fr\/?page_id=548"},"modified":"2012-06-12T19:45:03","modified_gmt":"2012-06-12T17:45:03","slug":"sortie-dc-af-053","status":"publish","type":"page","link":"https:\/\/www.f5nhj.fr\/?page_id=548","title":{"rendered":"Sortie DC AF-053"},"content":{"rendered":"<table width=\"100%\" border=\"0\">\n<tbody>\n<tr>\n<td width=\"285\"><img decoding=\"async\" src=\"file:\/\/\/D:\/WEB%20ANCIEN\/FAREDC55.JPG\" alt=\"\" border=\"0\" hspace=\"0\" vspace=\"0\" \/><img loading=\"lazy\" decoding=\"async\" class=\"wp-image-550 alignleft\" src=\"http:\/\/f5nhj.fr\/wp-content\/uploads\/2012\/02\/FAREDC55.jpg\" alt=\"\" width=\"320\" height=\"211\" srcset=\"https:\/\/www.f5nhj.fr\/wp-content\/uploads\/2012\/02\/FAREDC55.jpg 320w, https:\/\/www.f5nhj.fr\/wp-content\/uploads\/2012\/02\/FAREDC55-300x197.jpg 300w\" sizes=\"auto, (max-width: 320px) 100vw, 320px\" \/><\/td>\n<td width=\"100%\"><strong><strong><strong><span style=\"color: #ff0000; font-family: Verdana; font-size: x-large;\">J28NH\/P<\/span><span style=\"color: #ff0000; font-family: Verdana; font-size: x-large;\"><br \/>\n<\/span><span style=\"color: #000000; font-family: Verdana; font-size: small;\">MASKALI Isl &#8211; AF053<\/span><\/strong><\/strong><\/strong><strong><span style=\"font-family: Verdana; font-size: medium;\">Op : Jean-Louis<br \/>\n<\/span><\/strong><strong><span style=\"color: #000000;\"><span style=\"font-family: Verdana; font-size: medium;\">27 \/ 28 Janvier 2001<\/span><\/span><\/strong><\/td>\n<\/tr>\n<\/tbody>\n<\/table>\n<p>&nbsp;<\/p>\n<p style=\"text-align: center;\"><span style=\"color: #000000;\">Arriv\u00e9e sur le site le samedi A-midi, installation<br \/>\nrapide de la<strong> R7<\/strong> et ouverture du log&#8230;<\/span><\/p>\n<p style=\"text-align: center;\"><img loading=\"lazy\" decoding=\"async\" class=\"aligncenter size-full wp-image-564\" src=\"http:\/\/f5nhj.fr\/wp-content\/uploads\/2012\/02\/FAREDC-LEVSOL1.jpg\" alt=\"\" width=\"424\" height=\"77\" srcset=\"https:\/\/www.f5nhj.fr\/wp-content\/uploads\/2012\/02\/FAREDC-LEVSOL1.jpg 424w, https:\/\/www.f5nhj.fr\/wp-content\/uploads\/2012\/02\/FAREDC-LEVSOL1-300x54.jpg 300w\" sizes=\"auto, (max-width: 424px) 100vw, 424px\" \/><\/p>\n<p style=\"text-align: center;\">&#8230;&#8230;&#8230;&#8230;&#8230;&#8230;&#8230;&#8230;&#8230;&#8230;&#8230;&#8230;&#8230;&#8230;&#8230;&#8230;&#8230;&#8230;&#8230;&#8230;&#8230;&#8230;&#8230;&#8230;&#8230;&#8230;&#8230;&#8230;&#8230;&#8230;&#8230;.<\/p>\n<p style=\"text-align: justify;\"><strong><img loading=\"lazy\" decoding=\"async\" class=\"alignnone size-full wp-image-1105\" title=\"ANISHARK\" src=\"http:\/\/f5nhj.fr\/wp-content\/uploads\/2012\/02\/ANISHARK.gif\" alt=\"\" width=\"55\" height=\"27\" \/>\u00a0\u00a0\u00a0 AF-053 J28NH\/P<\/strong> .. <strong>630<\/strong> qso.<br \/>\nApr\u00e8s 40 mn de mer, une petite heure pour installer la station, tester le groupe \u00e9l\u00e9ctrog\u00e8ne avant de laisser repartir \u00ab\u00a0Blanc- Blanc\u00a0\u00bb, on ne sait jamais&#8230; J&rsquo;ai commenc\u00e9 le trafic sur <strong>24<\/strong> mhz avant de passer sur 14 mhz. Quelques qso au coucher du soleil : VK, <strong>VK9<\/strong> et aussi W, VE avant de d\u00e9marrer mon tour du monde radio profitant de La propagation \u00ab\u00a0<strong>Grey line<\/strong>\u00ab\u00a0, pile up et bons contacts de <strong>1930<\/strong> \u00e0 <strong>2330<\/strong> gmt<\/p>\n<p style=\"text-align: center;\">&#8230;&#8230;&#8230;&#8230;&#8230;&#8230;&#8230;&#8230;&#8230;&#8230;&#8230;&#8230;&#8230;&#8230;&#8230;&#8230;&#8230;&#8230;&#8230;&#8230;&#8230;&#8230;&#8230;&#8230;&#8230;&#8230;&#8230;&#8230;&#8230;&#8230;&#8230;.<\/p>\n<p><strong><img loading=\"lazy\" decoding=\"async\" class=\"size-full wp-image-554 alignleft\" src=\"http:\/\/f5nhj.fr\/wp-content\/uploads\/2012\/02\/FAREDC-MASKBB.jpg\" alt=\"\" width=\"228\" height=\"178\" \/><\/strong><\/p>\n<p><span><strong><span style=\"color: #000000;\">\u00a0<\/span><strong style=\"color: #000000;\">\u00a0<\/strong><span style=\"color: #000000;\">\u00a0 \u00a0 \u00a0 \u00a0 \u00a0 \u00a0 \u00a0 \u00a0 \u00a0 \u00a0 \u00a0 \u00a0 \u00a0 \u00a0<\/span><img loading=\"lazy\" decoding=\"async\" class=\"wp-image-557 alignright\" src=\"http:\/\/f5nhj.fr\/wp-content\/uploads\/2012\/02\/FAREDC-MASKDC11-300x198.jpg\" alt=\"\" width=\"240\" height=\"158\" srcset=\"https:\/\/www.f5nhj.fr\/wp-content\/uploads\/2012\/02\/FAREDC-MASKDC11-300x198.jpg 300w, https:\/\/www.f5nhj.fr\/wp-content\/uploads\/2012\/02\/FAREDC-MASKDC11.jpg 311w\" sizes=\"auto, (max-width: 240px) 100vw, 240px\" \/><\/strong><strong style=\"color: #000000;\">\u00a0\u00a0<\/strong><\/span><\/p>\n<p style=\"text-align: center;\"><strong><span style=\"text-decoration: underline;\"><br \/>\n<\/span><\/strong><\/p>\n<p style=\"text-align: center;\"><strong>Maskali<\/strong><\/p>\n<p style=\"text-align: center;\">&#8230;&#8230;&#8230;&#8230;&#8230;&#8230;&#8230;&#8230;&#8230;&#8230;&#8230;&#8230;&#8230;&#8230;&#8230;&#8230;&#8230;&#8230;&#8230;&#8230;&#8230;&#8230;&#8230;&#8230;&#8230;&#8230;&#8230;&#8230;&#8230;&#8230;&#8230;.<\/p>\n<p style=\"text-align: center;\">24 heures sur <strong>Maskali<\/strong> en solo ( un peu inquiet quand m\u00eame : une nuit seul sur l&rsquo;\u00eele.. )<\/p>\n<div style=\"text-align: center;\">\n<hr size=\"1\" width=\"80%\" \/>\n<p><img loading=\"lazy\" decoding=\"async\" class=\"wp-image-558 alignleft\" src=\"http:\/\/f5nhj.fr\/wp-content\/uploads\/2012\/02\/FAREDC5.jpg\" alt=\"\" width=\"256\" height=\"172\" srcset=\"https:\/\/www.f5nhj.fr\/wp-content\/uploads\/2012\/02\/FAREDC5.jpg 320w, https:\/\/www.f5nhj.fr\/wp-content\/uploads\/2012\/02\/FAREDC5-300x201.jpg 300w\" sizes=\"auto, (max-width: 256px) 100vw, 256px\" \/>\u00a0 <strong><span style=\"color: #000000;\">\u00a0 \u00a0 \u00a0 \u00a0<img loading=\"lazy\" decoding=\"async\" class=\"wp-image-560 alignright\" src=\"http:\/\/f5nhj.fr\/wp-content\/uploads\/2012\/02\/FAREDC11.jpg\" alt=\"\" width=\"256\" height=\"171\" srcset=\"https:\/\/www.f5nhj.fr\/wp-content\/uploads\/2012\/02\/FAREDC11.jpg 320w, https:\/\/www.f5nhj.fr\/wp-content\/uploads\/2012\/02\/FAREDC11-300x200.jpg 300w\" sizes=\"auto, (max-width: 256px) 100vw, 256px\" \/><\/span><\/strong><strong><span style=\"color: #000000;\">\u00a0<\/span><\/strong><\/p>\n<p>&nbsp;<\/p>\n<p>&nbsp;<\/p>\n<p>&nbsp;<\/p>\n<p><strong>La chambre<\/strong><\/p>\n<hr size=\"1\" width=\"80%\" \/>\n<p style=\"text-align: justify;\">De retour sur les fr\u00e9quences apr\u00e8s 4 heures \u00e0 chasser ces \u00ab\u00a0<strong>#~!\/\u00b5\u00a3.<\/strong>. de moustiques\u00a0\u00bb&#8230;<br \/>\nContacts sur 14 mhz : ZL, VK, T32 et des stations d&rsquo;hawa\u00ef, qsy sur les 18, 24 mhz dans l&rsquo;apr\u00e8s midi.<br \/>\nJe me suis gliss\u00e9 sur la fr\u00e9quence encore \u00ab\u00a0toute chaude\u00a0\u00bb des deux oms <strong>CDXC<\/strong> qui \u00e9taient en <strong>D6<\/strong>, j&rsquo;ai bien essay\u00e9 de me faire entendre dans le brouhaha mais l&rsquo;YL <strong>D68WL<\/strong> contact\u00e9e le jour pr\u00e9c\u00e9dent, n&rsquo;a pas voulu me r\u00e9pondre.<br \/>\nCa ne fait rien, je rallonge mon antenne portable d&rsquo;un brin et fait un essai de calage boite d&rsquo;accord.. 1\/1 sur la plupart de bandes \u00e0 part le 50 mhz qui demande une longueur moindre&#8230;<br \/>\nJe lance appel, au tout d\u00e9but les stations sont surprises de mon call portable et me font comprendre vertement par des \u00ab\u00a0SHUT-UP\u00a0\u00bb que je g\u00eane la fr\u00e9quence, j&rsquo;attends un long moment pensant brouiller une station que je ne re\u00e7ois pas.. Je retente et une station belge ON7RN me demande mon qth et lorsque je passe <strong>IOTA AF-053<\/strong> je me retrouve deux heures plus tard finissant rapidement le pile up avec RN2FB pour entreprendre un d\u00e9montage en catastrophe de la station, mon \u00ab\u00a0Taxi\u00a0\u00bb venant d&rsquo;arriver et pour \u00e9viter de rentrer de nuit sur <strong>Djibouti<\/strong>..<\/p>\n<hr size=\"1\" width=\"80%\" \/>\n<p style=\"text-align: center;\"><img loading=\"lazy\" decoding=\"async\" class=\"aligncenter size-full wp-image-565\" src=\"http:\/\/f5nhj.fr\/wp-content\/uploads\/2012\/02\/FAREDC-STNDC11.jpg\" alt=\"\" width=\"320\" height=\"214\" srcset=\"https:\/\/www.f5nhj.fr\/wp-content\/uploads\/2012\/02\/FAREDC-STNDC11.jpg 320w, https:\/\/www.f5nhj.fr\/wp-content\/uploads\/2012\/02\/FAREDC-STNDC11-300x200.jpg 300w\" sizes=\"auto, (max-width: 320px) 100vw, 320px\" \/><\/p>\n<p><span style=\"color: #000000;\">La station, <strong>FT 900at<\/strong>, alimentation 40 A, Perroquet <strong>C<\/strong><\/span><strong><span style=\"color: #000000;\">omelec<\/span><\/strong><span style=\"color: #000000;\"> et micro casque.\u00a0<\/span><\/p>\n<p>&#8230;&#8230;&#8230;&#8230;&#8230;&#8230;&#8230;&#8230;&#8230;&#8230;&#8230;&#8230;&#8230;&#8230;&#8230;&#8230;&#8230;&#8230;&#8230;&#8230;&#8230;&#8230;&#8230;&#8230;&#8230;&#8230;&#8230;&#8230;&#8230;&#8230;&#8230;.<\/p>\n<p><img loading=\"lazy\" decoding=\"async\" class=\"size-medium wp-image-566 alignleft\" src=\"http:\/\/f5nhj.fr\/wp-content\/uploads\/2012\/02\/FAREDC2-206x300.jpg\" alt=\"\" width=\"206\" height=\"300\" srcset=\"https:\/\/www.f5nhj.fr\/wp-content\/uploads\/2012\/02\/FAREDC2-206x300.jpg 206w, https:\/\/www.f5nhj.fr\/wp-content\/uploads\/2012\/02\/FAREDC2.jpg 320w\" sizes=\"auto, (max-width: 206px) 100vw, 206px\" \/>\u00a0 \u00a0 \u00a0<img loading=\"lazy\" decoding=\"async\" class=\"size-full wp-image-567 alignright\" src=\"http:\/\/f5nhj.fr\/wp-content\/uploads\/2012\/02\/FAREDC-MOBILDC1.jpg\" alt=\"\" width=\"192\" height=\"282\" \/>\u00a0<a href=\"http:\/\/f5nhj.fr\/wp-content\/uploads\/2012\/02\/FAREDC2.jpg\"><br \/>\n<\/a><\/p>\n<p><span style=\"color: #000000;\"><strong><br \/>\n<\/strong><\/span><\/p>\n<p>&nbsp;<\/p>\n<hr size=\"1\" width=\"80%\" \/>\n<div>&#8230;&#8230;&#8230;&#8230;&#8230;&#8230;&#8230;&#8230;&#8230;&#8230;&#8230;&#8230;&#8230;&#8230;&#8230;&#8230;&#8230;&#8230;&#8230;&#8230;&#8230;&#8230;&#8230;&#8230;&#8230;&#8230;&#8230;&#8230;&#8230;&#8230;&#8230;.<\/div>\n<div><\/div>\n<p style=\"text-align: justify;\">&#8211; Wx 20 c soleil et vent<br \/>\n&#8211; Test d&rsquo;une antenne mobile de r\u00e9cup\u00e9ration (2.5 et 4.5 mts de long) avec l&rsquo;<strong>IC706 MkIIg<\/strong> et l&rsquo;<strong>ATU AH4<\/strong> pour un \u00e9ventuel \u00ab\u00a0qsy-journ\u00e9e\u00a0\u00bb : 58\/9 depuis les PY et HK sur 28 mhz !<\/p>\n<p style=\"text-align: justify;\">.<strong style=\"text-align: left;\"><strong><span style=\"color: #000000;\">F5NHJ &#8211; 21st century<\/span><\/strong><\/strong><\/p>\n<\/div>\n","protected":false},"excerpt":{"rendered":"<p>J28NH\/P MASKALI Isl &#8211; AF053Op : Jean-Louis 27 \/ 28 Janvier 2001 &nbsp; Arriv\u00e9e sur le site le samedi A-midi, installation rapide de la R7 et ouverture du log&#8230; &#8230;&#8230;&#8230;&#8230;&#8230;&#8230;&#8230;&#8230;&#8230;&#8230;&#8230;&#8230;&#8230;&#8230;&#8230;&#8230;&#8230;&#8230;&#8230;&#8230;&#8230;&#8230;&#8230;&#8230;&#8230;&#8230;&#8230;&#8230;&#8230;&#8230;&#8230;. \u00a0\u00a0\u00a0 AF-053 J28NH\/P .. 630 qso. Apr\u00e8s 40 mn de &hellip; <a href=\"https:\/\/www.f5nhj.fr\/?page_id=548\">Continuer la lecture <span class=\"meta-nav\">&rarr;<\/span><\/a><\/p>\n","protected":false},"author":1,"featured_media":0,"parent":333,"menu_order":3,"comment_status":"closed","ping_status":"open","template":"onecolumn-page.php","meta":{"footnotes":""},"class_list":["post-548","page","type-page","status-publish","hentry"],"_links":{"self":[{"href":"https:\/\/www.f5nhj.fr\/index.php?rest_route=\/wp\/v2\/pages\/548","targetHints":{"allow":["GET"]}}],"collection":[{"href":"https:\/\/www.f5nhj.fr\/index.php?rest_route=\/wp\/v2\/pages"}],"about":[{"href":"https:\/\/www.f5nhj.fr\/index.php?rest_route=\/wp\/v2\/types\/page"}],"author":[{"embeddable":true,"href":"https:\/\/www.f5nhj.fr\/index.php?rest_route=\/wp\/v2\/users\/1"}],"replies":[{"embeddable":true,"href":"https:\/\/www.f5nhj.fr\/index.php?rest_route=%2Fwp%2Fv2%2Fcomments&post=548"}],"version-history":[{"count":43,"href":"https:\/\/www.f5nhj.fr\/index.php?rest_route=\/wp\/v2\/pages\/548\/revisions"}],"predecessor-version":[{"id":552,"href":"https:\/\/www.f5nhj.fr\/index.php?rest_route=\/wp\/v2\/pages\/548\/revisions\/552"}],"up":[{"embeddable":true,"href":"https:\/\/www.f5nhj.fr\/index.php?rest_route=\/wp\/v2\/pages\/333"}],"wp:attachment":[{"href":"https:\/\/www.f5nhj.fr\/index.php?rest_route=%2Fwp%2Fv2%2Fmedia&parent=548"}],"curies":[{"name":"wp","href":"https:\/\/api.w.org\/{rel}","templated":true}]}}